{"id":125,"date":"2019-10-18T15:55:46","date_gmt":"2019-10-18T13:55:46","guid":{"rendered":"https:\/\/mtechnique.be\/?page_id=125"},"modified":"2020-02-07T10:06:28","modified_gmt":"2020-02-07T09:06:28","slug":"les-chantiers-que-nous-proposons-chauffagiste-electricite-ventilation-et-sanitaire","status":"publish","type":"page","link":"https:\/\/mtechnique.be\/index.php\/les-chantiers-que-nous-proposons-chauffagiste-electricite-ventilation-et-sanitaire\/","title":{"rendered":"Personnalis\u00e9 \u00e0 votre gout pour se sentir bien chez sois"},"content":{"rendered":"<p style=\"text-align: center;\">Chauffagiste, \u00e9lectricit\u00e9, ventilation et sanitaire<\/p>\n<p><em><strong>Ventilation<\/strong><\/em><\/p>\n<ul>\n<li>Installation de syst\u00e8me de ventilation double et simple flux pour plus de confort et d&#8217;\u00e9conomie.<\/li>\n<\/ul>\n<p><img loading=\"lazy\" decoding=\"async\" class=\"size-medium wp-image-126\" src=\"https:\/\/mtechnique.be\/wp-content\/uploads\/2019\/10\/vmc-300x200.jpg\" alt=\"Ventilation maison\" width=\"300\" height=\"200\" srcset=\"https:\/\/mtechnique.be\/wp-content\/uploads\/2019\/10\/vmc-300x200.jpg 300w, https:\/\/mtechnique.be\/wp-content\/uploads\/2019\/10\/vmc-768x512.jpg 768w, https:\/\/mtechnique.be\/wp-content\/uploads\/2019\/10\/vmc-570x380.jpg 570w, https:\/\/mtechnique.be\/wp-content\/uploads\/2019\/10\/vmc.jpg 800w\" sizes=\"auto, (max-width: 300px) 100vw, 300px\" \/><\/p>\n<p><em><strong>\u00c9lectricit\u00e9<\/strong><\/em><\/p>\n<ul>\n<li>Toute installation \u00e9lectrique g\u00e9n\u00e9rale pour votre b\u00e2timent et de votre parlophonie ou de vid\u00e9ophonie,<\/li>\n<li>Tous type des c\u00e2blage data et cam\u00e9ras de camera, et bien plus encore&#8230; (Contactez-nous)<\/li>\n<li>Pour vous facilitez la vie, nous faisons votre installation en domotique. Un plaisir de vie simplifi\u00e9.<\/li>\n<\/ul>\n<p><img loading=\"lazy\" decoding=\"async\" class=\"size-medium wp-image-127\" src=\"https:\/\/mtechnique.be\/wp-content\/uploads\/2019\/10\/elec-300x214.jpg\" alt=\"Travaux \u00e9lectricit\u00e9\" width=\"300\" height=\"214\" srcset=\"https:\/\/mtechnique.be\/wp-content\/uploads\/2019\/10\/elec-300x214.jpg 300w, https:\/\/mtechnique.be\/wp-content\/uploads\/2019\/10\/elec-768x548.jpg 768w, https:\/\/mtechnique.be\/wp-content\/uploads\/2019\/10\/elec-570x407.jpg 570w, https:\/\/mtechnique.be\/wp-content\/uploads\/2019\/10\/elec.jpg 800w\" sizes=\"auto, (max-width: 300px) 100vw, 300px\" \/><\/p>\n<p><em><strong>Chauffage<\/strong><\/em><\/p>\n<ul>\n<li>Installation de votre chaudi\u00e8re a condensation derni\u00e8re g\u00e9n\u00e9ration qui vous fera \u00e9conomiser de l&#8217;\u00e9nergie et de l&#8217;argent.<\/li>\n<li>Placement de chauffage au sol pour un confort de vie et une \u00e9conomie tr\u00e8s int\u00e9ressante.<\/li>\n<li>Installation de pompe a chaleur pour tout usage, contactez-nous pour de plus amples informations.<\/li>\n<\/ul>\n<p><img loading=\"lazy\" decoding=\"async\" class=\"size-medium wp-image-128\" src=\"https:\/\/mtechnique.be\/wp-content\/uploads\/2019\/10\/chauffage-300x200.jpg\" alt=\"Chauffage\" width=\"300\" height=\"200\" srcset=\"https:\/\/mtechnique.be\/wp-content\/uploads\/2019\/10\/chauffage-300x200.jpg 300w, https:\/\/mtechnique.be\/wp-content\/uploads\/2019\/10\/chauffage-768x512.jpg 768w, https:\/\/mtechnique.be\/wp-content\/uploads\/2019\/10\/chauffage-570x380.jpg 570w, https:\/\/mtechnique.be\/wp-content\/uploads\/2019\/10\/chauffage.jpg 800w\" sizes=\"auto, (max-width: 300px) 100vw, 300px\" \/><\/p>\n<p><em><strong>Sanitaire<\/strong><\/em><\/p>\n<ul>\n<li>Installation de sanitaire, un boilers pour avoir chaud au main, tout appareil sanitaire pour votre confort, une douche pour le plaisir des sens, une baignoire \u00e0 votre style et des meubles pour votre salle de bain personnalis\u00e9&#8230;<\/li>\n<li>Et pour un confort ultime, nous installations des adoucisseur et ionisation<\/li>\n<\/ul>\n<p><img loading=\"lazy\" decoding=\"async\" class=\"size-medium wp-image-129\" src=\"https:\/\/mtechnique.be\/wp-content\/uploads\/2019\/10\/sanitaire-300x125.jpg\" alt=\"Sanitaire\" width=\"300\" height=\"125\" srcset=\"https:\/\/mtechnique.be\/wp-content\/uploads\/2019\/10\/sanitaire-300x125.jpg 300w, https:\/\/mtechnique.be\/wp-content\/uploads\/2019\/10\/sanitaire-768x320.jpg 768w, https:\/\/mtechnique.be\/wp-content\/uploads\/2019\/10\/sanitaire-570x237.jpg 570w, https:\/\/mtechnique.be\/wp-content\/uploads\/2019\/10\/sanitaire.jpg 800w\" sizes=\"auto, (max-width: 300px) 100vw, 300px\" \/><\/p>\n<p>Chauffagiste \u00e9lectricit\u00e9 ventilation et sanitaire<\/p>\n","protected":false},"excerpt":{"rendered":"<p>Chauffagiste, \u00e9lectricit\u00e9, ventilation et sanitaire Ventilation Installation de syst\u00e8me de ventilation double et simple flux pour plus de confort et d&#8217;\u00e9conomie. \u00c9lectricit\u00e9 Toute installation \u00e9lectrique g\u00e9n\u00e9rale pour votre b\u00e2timent et &#8230;<\/p>\n","protected":false},"author":1,"featured_media":202,"parent":0,"menu_order":0,"comment_status":"closed","ping_status":"closed","template":"","meta":{"footnotes":""},"class_list":["post-125","page","type-page","status-publish","has-post-thumbnail","hentry"],"yoast_head":"<!-- This site is optimized with the Yoast SEO Premium plugin v19.2 (Yoast SEO v26.1.1) - https:\/\/yoast.com\/wordpress\/plugins\/seo\/ -->\n<title>Chauffagiste gaz, \u00e9lectricit\u00e9, ventilation et sanitaire<\/title>\n<meta name=\"description\" content=\"Les chantiers: Ventilation, \u00c9lectricit\u00e9, Chauffagiste, Sanitaire, personnalis\u00e9 \u00e0 votre gout pour se sentir bien chez sois, c&#039;est notre devoir.\" \/>\n<meta name=\"robots\" content=\"index, follow, max-snippet:-1, max-image-preview:large, max-video-preview:-1\" \/>\n<link rel=\"canonical\" href=\"https:\/\/mtechnique.be\/index.php\/les-chantiers-que-nous-proposons-chauffagiste-electricite-ventilation-et-sanitaire\/\" \/>\n<meta property=\"og:locale\" content=\"fr_FR\" \/>\n<meta property=\"og:type\" content=\"article\" \/>\n<meta property=\"og:title\" content=\"Personnalis\u00e9 \u00e0 votre gout pour se sentir bien chez sois\" \/>\n<meta property=\"og:description\" content=\"Les chantiers: Ventilation, \u00c9lectricit\u00e9, Chauffagiste, Sanitaire, personnalis\u00e9 \u00e0 votre gout pour se sentir bien chez sois, c&#039;est notre devoir.\" \/>\n<meta property=\"og:url\" content=\"https:\/\/mtechnique.be\/index.php\/les-chantiers-que-nous-proposons-chauffagiste-electricite-ventilation-et-sanitaire\/\" \/>\n<meta property=\"og:site_name\" content=\"M-Technique Chauffagiste agr\u00e9\u00e9 GAZ d\u00e9pannage installation, \u00e9lectricit\u00e9, sanitaire.\" \/>\n<meta property=\"article:modified_time\" content=\"2020-02-07T09:06:28+00:00\" \/>\n<meta property=\"og:image\" content=\"https:\/\/mtechnique.be\/wp-content\/uploads\/2019\/10\/maison.jpg\" \/>\n\t<meta property=\"og:image:width\" content=\"2000\" \/>\n\t<meta property=\"og:image:height\" content=\"870\" \/>\n\t<meta property=\"og:image:type\" content=\"image\/jpeg\" \/>\n<meta name=\"twitter:card\" content=\"summary_large_image\" \/>\n<meta name=\"twitter:label1\" content=\"Dur\u00e9e de lecture estim\u00e9e\" \/>\n\t<meta name=\"twitter:data1\" content=\"1 minute\" \/>\n<script type=\"application\/ld+json\" class=\"yoast-schema-graph\">{\"@context\":\"https:\/\/schema.org\",\"@graph\":[{\"@type\":\"WebPage\",\"@id\":\"https:\/\/mtechnique.be\/index.php\/les-chantiers-que-nous-proposons-chauffagiste-electricite-ventilation-et-sanitaire\/\",\"url\":\"https:\/\/mtechnique.be\/index.php\/les-chantiers-que-nous-proposons-chauffagiste-electricite-ventilation-et-sanitaire\/\",\"name\":\"Chauffagiste gaz, \u00e9lectricit\u00e9, ventilation et sanitaire\",\"isPartOf\":{\"@id\":\"https:\/\/mtechnique.be\/#website\"},\"primaryImageOfPage\":{\"@id\":\"https:\/\/mtechnique.be\/index.php\/les-chantiers-que-nous-proposons-chauffagiste-electricite-ventilation-et-sanitaire\/#primaryimage\"},\"image\":{\"@id\":\"https:\/\/mtechnique.be\/index.php\/les-chantiers-que-nous-proposons-chauffagiste-electricite-ventilation-et-sanitaire\/#primaryimage\"},\"thumbnailUrl\":\"https:\/\/mtechnique.be\/wp-content\/uploads\/2019\/10\/maison.jpg\",\"datePublished\":\"2019-10-18T13:55:46+00:00\",\"dateModified\":\"2020-02-07T09:06:28+00:00\",\"description\":\"Les chantiers: Ventilation, \u00c9lectricit\u00e9, Chauffagiste, Sanitaire, personnalis\u00e9 \u00e0 votre gout pour se sentir bien chez sois, c'est notre devoir.\",\"breadcrumb\":{\"@id\":\"https:\/\/mtechnique.be\/index.php\/les-chantiers-que-nous-proposons-chauffagiste-electricite-ventilation-et-sanitaire\/#breadcrumb\"},\"inLanguage\":\"fr-FR\",\"potentialAction\":[{\"@type\":\"ReadAction\",\"target\":[\"https:\/\/mtechnique.be\/index.php\/les-chantiers-que-nous-proposons-chauffagiste-electricite-ventilation-et-sanitaire\/\"]}]},{\"@type\":\"ImageObject\",\"inLanguage\":\"fr-FR\",\"@id\":\"https:\/\/mtechnique.be\/index.php\/les-chantiers-que-nous-proposons-chauffagiste-electricite-ventilation-et-sanitaire\/#primaryimage\",\"url\":\"https:\/\/mtechnique.be\/wp-content\/uploads\/2019\/10\/maison.jpg\",\"contentUrl\":\"https:\/\/mtechnique.be\/wp-content\/uploads\/2019\/10\/maison.jpg\",\"width\":2000,\"height\":870,\"caption\":\"M-Technique\"},{\"@type\":\"BreadcrumbList\",\"@id\":\"https:\/\/mtechnique.be\/index.php\/les-chantiers-que-nous-proposons-chauffagiste-electricite-ventilation-et-sanitaire\/#breadcrumb\",\"itemListElement\":[{\"@type\":\"ListItem\",\"position\":1,\"name\":\"Accueil\",\"item\":\"https:\/\/mtechnique.be\/\"},{\"@type\":\"ListItem\",\"position\":2,\"name\":\"Personnalis\u00e9 \u00e0 votre gout pour se sentir bien chez sois\"}]},{\"@type\":\"WebSite\",\"@id\":\"https:\/\/mtechnique.be\/#website\",\"url\":\"https:\/\/mtechnique.be\/\",\"name\":\"M-Technique Chauffagiste agr\u00e9\u00e9 GAZ d\u00e9pannage installation, \u00e9lectricit\u00e9, sanitaire.\",\"description\":\"Chauffagiste agr\u00e9\u00e9 GAZ d\u00e9pannage installation, \u00e9lectricit\u00e9, sanitaire.\",\"publisher\":{\"@id\":\"https:\/\/mtechnique.be\/#organization\"},\"potentialAction\":[{\"@type\":\"SearchAction\",\"target\":{\"@type\":\"EntryPoint\",\"urlTemplate\":\"https:\/\/mtechnique.be\/?s={search_term_string}\"},\"query-input\":{\"@type\":\"PropertyValueSpecification\",\"valueRequired\":true,\"valueName\":\"search_term_string\"}}],\"inLanguage\":\"fr-FR\"},{\"@type\":\"Organization\",\"@id\":\"https:\/\/mtechnique.be\/#organization\",\"name\":\"M-Technique Chauffagiste agr\u00e9\u00e9 GAZ d\u00e9pannage installation, \u00e9lectricit\u00e9, sanitaire.\",\"url\":\"https:\/\/mtechnique.be\/\",\"logo\":{\"@type\":\"ImageObject\",\"inLanguage\":\"fr-FR\",\"@id\":\"https:\/\/mtechnique.be\/#\/schema\/logo\/image\/\",\"url\":\"https:\/\/mtechnique.be\/wp-content\/uploads\/2021\/05\/cropped-logo-200.jpg\",\"contentUrl\":\"https:\/\/mtechnique.be\/wp-content\/uploads\/2021\/05\/cropped-logo-200.jpg\",\"width\":200,\"height\":45,\"caption\":\"M-Technique Chauffagiste agr\u00e9\u00e9 GAZ d\u00e9pannage installation, \u00e9lectricit\u00e9, sanitaire.\"},\"image\":{\"@id\":\"https:\/\/mtechnique.be\/#\/schema\/logo\/image\/\"}}]}<\/script>\n<!-- \/ Yoast SEO Premium plugin. -->","yoast_head_json":{"title":"Chauffagiste gaz, \u00e9lectricit\u00e9, ventilation et sanitaire","description":"Les chantiers: Ventilation, \u00c9lectricit\u00e9, Chauffagiste, Sanitaire, personnalis\u00e9 \u00e0 votre gout pour se sentir bien chez sois, c'est notre devoir.","robots":{"index":"index","follow":"follow","max-snippet":"max-snippet:-1","max-image-preview":"max-image-preview:large","max-video-preview":"max-video-preview:-1"},"canonical":"https:\/\/mtechnique.be\/index.php\/les-chantiers-que-nous-proposons-chauffagiste-electricite-ventilation-et-sanitaire\/","og_locale":"fr_FR","og_type":"article","og_title":"Personnalis\u00e9 \u00e0 votre gout pour se sentir bien chez sois","og_description":"Les chantiers: Ventilation, \u00c9lectricit\u00e9, Chauffagiste, Sanitaire, personnalis\u00e9 \u00e0 votre gout pour se sentir bien chez sois, c'est notre devoir.","og_url":"https:\/\/mtechnique.be\/index.php\/les-chantiers-que-nous-proposons-chauffagiste-electricite-ventilation-et-sanitaire\/","og_site_name":"M-Technique Chauffagiste agr\u00e9\u00e9 GAZ d\u00e9pannage installation, \u00e9lectricit\u00e9, sanitaire.","article_modified_time":"2020-02-07T09:06:28+00:00","og_image":[{"width":2000,"height":870,"url":"https:\/\/mtechnique.be\/wp-content\/uploads\/2019\/10\/maison.jpg","type":"image\/jpeg"}],"twitter_card":"summary_large_image","twitter_misc":{"Dur\u00e9e de lecture estim\u00e9e":"1 minute"},"schema":{"@context":"https:\/\/schema.org","@graph":[{"@type":"WebPage","@id":"https:\/\/mtechnique.be\/index.php\/les-chantiers-que-nous-proposons-chauffagiste-electricite-ventilation-et-sanitaire\/","url":"https:\/\/mtechnique.be\/index.php\/les-chantiers-que-nous-proposons-chauffagiste-electricite-ventilation-et-sanitaire\/","name":"Chauffagiste gaz, \u00e9lectricit\u00e9, ventilation et sanitaire","isPartOf":{"@id":"https:\/\/mtechnique.be\/#website"},"primaryImageOfPage":{"@id":"https:\/\/mtechnique.be\/index.php\/les-chantiers-que-nous-proposons-chauffagiste-electricite-ventilation-et-sanitaire\/#primaryimage"},"image":{"@id":"https:\/\/mtechnique.be\/index.php\/les-chantiers-que-nous-proposons-chauffagiste-electricite-ventilation-et-sanitaire\/#primaryimage"},"thumbnailUrl":"https:\/\/mtechnique.be\/wp-content\/uploads\/2019\/10\/maison.jpg","datePublished":"2019-10-18T13:55:46+00:00","dateModified":"2020-02-07T09:06:28+00:00","description":"Les chantiers: Ventilation, \u00c9lectricit\u00e9, Chauffagiste, Sanitaire, personnalis\u00e9 \u00e0 votre gout pour se sentir bien chez sois, c'est notre devoir.","breadcrumb":{"@id":"https:\/\/mtechnique.be\/index.php\/les-chantiers-que-nous-proposons-chauffagiste-electricite-ventilation-et-sanitaire\/#breadcrumb"},"inLanguage":"fr-FR","potentialAction":[{"@type":"ReadAction","target":["https:\/\/mtechnique.be\/index.php\/les-chantiers-que-nous-proposons-chauffagiste-electricite-ventilation-et-sanitaire\/"]}]},{"@type":"ImageObject","inLanguage":"fr-FR","@id":"https:\/\/mtechnique.be\/index.php\/les-chantiers-que-nous-proposons-chauffagiste-electricite-ventilation-et-sanitaire\/#primaryimage","url":"https:\/\/mtechnique.be\/wp-content\/uploads\/2019\/10\/maison.jpg","contentUrl":"https:\/\/mtechnique.be\/wp-content\/uploads\/2019\/10\/maison.jpg","width":2000,"height":870,"caption":"M-Technique"},{"@type":"BreadcrumbList","@id":"https:\/\/mtechnique.be\/index.php\/les-chantiers-que-nous-proposons-chauffagiste-electricite-ventilation-et-sanitaire\/#breadcrumb","itemListElement":[{"@type":"ListItem","position":1,"name":"Accueil","item":"https:\/\/mtechnique.be\/"},{"@type":"ListItem","position":2,"name":"Personnalis\u00e9 \u00e0 votre gout pour se sentir bien chez sois"}]},{"@type":"WebSite","@id":"https:\/\/mtechnique.be\/#website","url":"https:\/\/mtechnique.be\/","name":"M-Technique Chauffagiste agr\u00e9\u00e9 GAZ d\u00e9pannage installation, \u00e9lectricit\u00e9, sanitaire.","description":"Chauffagiste agr\u00e9\u00e9 GAZ d\u00e9pannage installation, \u00e9lectricit\u00e9, sanitaire.","publisher":{"@id":"https:\/\/mtechnique.be\/#organization"},"potentialAction":[{"@type":"SearchAction","target":{"@type":"EntryPoint","urlTemplate":"https:\/\/mtechnique.be\/?s={search_term_string}"},"query-input":{"@type":"PropertyValueSpecification","valueRequired":true,"valueName":"search_term_string"}}],"inLanguage":"fr-FR"},{"@type":"Organization","@id":"https:\/\/mtechnique.be\/#organization","name":"M-Technique Chauffagiste agr\u00e9\u00e9 GAZ d\u00e9pannage installation, \u00e9lectricit\u00e9, sanitaire.","url":"https:\/\/mtechnique.be\/","logo":{"@type":"ImageObject","inLanguage":"fr-FR","@id":"https:\/\/mtechnique.be\/#\/schema\/logo\/image\/","url":"https:\/\/mtechnique.be\/wp-content\/uploads\/2021\/05\/cropped-logo-200.jpg","contentUrl":"https:\/\/mtechnique.be\/wp-content\/uploads\/2021\/05\/cropped-logo-200.jpg","width":200,"height":45,"caption":"M-Technique Chauffagiste agr\u00e9\u00e9 GAZ d\u00e9pannage installation, \u00e9lectricit\u00e9, sanitaire."},"image":{"@id":"https:\/\/mtechnique.be\/#\/schema\/logo\/image\/"}}]}},"_links":{"self":[{"href":"https:\/\/mtechnique.be\/index.php\/wp-json\/wp\/v2\/pages\/125","targetHints":{"allow":["GET"]}}],"collection":[{"href":"https:\/\/mtechnique.be\/index.php\/wp-json\/wp\/v2\/pages"}],"about":[{"href":"https:\/\/mtechnique.be\/index.php\/wp-json\/wp\/v2\/types\/page"}],"author":[{"embeddable":true,"href":"https:\/\/mtechnique.be\/index.php\/wp-json\/wp\/v2\/users\/1"}],"replies":[{"embeddable":true,"href":"https:\/\/mtechnique.be\/index.php\/wp-json\/wp\/v2\/comments?post=125"}],"version-history":[{"count":11,"href":"https:\/\/mtechnique.be\/index.php\/wp-json\/wp\/v2\/pages\/125\/revisions"}],"predecessor-version":[{"id":274,"href":"https:\/\/mtechnique.be\/index.php\/wp-json\/wp\/v2\/pages\/125\/revisions\/274"}],"wp:featuredmedia":[{"embeddable":true,"href":"https:\/\/mtechnique.be\/index.php\/wp-json\/wp\/v2\/media\/202"}],"wp:attachment":[{"href":"https:\/\/mtechnique.be\/index.php\/wp-json\/wp\/v2\/media?parent=125"}],"curies":[{"name":"wp","href":"https:\/\/api.w.org\/{rel}","templated":true}]}}